 l. Give y(d).
-6
Let y(o) = 20*o**2 - 41*o - 2. Let m(c) = 64*c**2 - 130*c - 6. Let a(f) = -3*m(f) + 10*y(f). Calculate a(3).
10
Suppose 199 = 3*n - d, 5*d - 161 = -4*n + 136. Let g(r) = n*r + 13 + 61*r - 127*r. What is g(-9)?
-5
Let w(i) = 179*i - 16. Let o be w(4). Let t = -708 + o. Let a(q) = -q**2 - 8*q - 5. Calculate a(t).
-5
Let g(s) = 10*s + 60. Suppose -80 = -12*m - 26*m - 346. Determine g(m).
-10
Let b(h) = h**2. Let r(x) = 4*x**2 + 11*x - 23. Let q be r(4). Suppose 19*v - q = 14*v. Suppose -4*s + 6 = -2*n + 4, -v = 4*n + 5*s. Determine b(n).
9
Let n = -2178 - -2207. Let v(f) = -f**2 + 31*f - 66. Calculate v(n).
-8
Let h(u) = -57*u + 25. Let z(y) = 22*y. Let j(v) = h(v) + 3*z(v). Determine j(-2).
7
Let i(t) = t**2 + 7*t + 3. Let b = 411 + -371. Suppose -b*o + 53*o = -78. Determine i(o).
-3
Let p = -16 + 20. Suppose -4*a + 3*v + 5 - 1 = 0, -4*a = -5*v + p. Suppose 37 = -a*c + 9. Let r(d) = d**3 + 7*d**2 - 3*d - 7. Determine r(c).
14
Let g(p) be the second derivative of p**4/8 + 19*p**2 + 58*p - 2. Let d(q) be the first derivative of g(q). What is d(0)?
0
Let s(l) = -l**3 + 7*l**2 - 6*l + 82. Let r(o) = -2*o**3 + 14*o**2 - 13*o + 137. Let b(z) = 3*r(z) - 5*s(z). Give b(6).
-17
Let b(m) = -m**3 - 2*m - 59. Let r(x) = -x**2 + 19*x + 290. Let p be r(29). Calculate b(p).
-59
Let u(z) be the third derivative of -z**7/2520 - z**6/720 - 29*z**5/120 + z**4/24 + 3*z**3 + 47*z**2. Let k(o) be the second derivative of u(o). Give k(0).
-29
Let i(c) = -c + 29. Let j = -196 + 196. Suppose 2*b + 2*d - 10 = j, -d + 5 = -5*b + 4*b. Give i(b).
29
Let s(k) = 13*k**3 + 9*k**2 + 4*k - 26. Let z(u) = 3*u**3 + 2*u**2 + u - 6. Suppose 167 = -6*j + 113. Let q(m) = j*z(m) + 2*s(m). Let b = 0 + 2. Give q(b).
-8
Let k(q) = -4*q - 90. Let o be (-16 - (-504)/32)*(-1 - -85). What is k(o)?
-6
Let m(v) = -24*v**3 - v**2 - v - 1. Let w be -293 + (-9)/((-18)/(-10)). Let s = 297 + w. Determine m(s).
23
Suppose 617 = -3*q + 4*d, -23*d + 1 = -24*d. Let s = q + 210. Let y(v) = -8*v - 4. Give y(s).
-28
Let t(z) = 156*z - 33*z - 7*z**2 + 6 - 26*z. Determine t(14).
-8
Let h(w) be the first derivative of -7*w**2 + 71*w - 4310. What is h(7)?
-27
Suppose -5 = 4*o - 3*s, 2*s + 17 = 2*o + 19. Let k(x) = 4*x**2 - 5*x - 7. What is k(o)?
19
Let l(m) = -10*m**2 + 1 - m + 5*m**2 - 72*m**3 + 134*m**3 - 63*m**3. Determine l(-1).
-2
Let u = 75 + -74. Let g(p) = -4*p + 3. Let c(z) = -z + 2. Let m(r) = u*g(r) - 2*c(r). Let q be (-18)/(-15)*(-10)/(-4). Give m(q).
-7
Let h(i) = -i**3 - 10*i**2 - 6*i - 4. Let p(k) = -9*k. Let f be p(1). What is h(f)?
-31
Let c(r) = 8*r**3 - 14*r**2 + 14*r - 12. Let v(y) = 7*y**3 - 13*y**2 + 13*y - 10. Suppose 28*j + 174 = -j. Let p(d) = j*c(d) + 7*v(d). Calculate p(6).
8
Let h = -6 + 10. Suppose -h*f + 1 = -15. Let p(o) = -2 + f*o + 2 - 1 - 2*o**2 + o**2. Determine p(5).
-6
Let o(p) = -p**3 - 9*p**2 - 14*p + 2. Let k be o(-7). Let z(i) = 9*i - 3*i**2 - 4*i**2 - 2 + 0*i**k + 6*i**2. Determine z(8).
6
Let m(w) be the first derivative of -w**2/2 - 4*w - 125. Let y = 131 - 127. What is m(y)?
-8
Let j be 103 + (-7)/2*(-60)/42. Suppose 26 = j*t - 95*t. Let b(h) = h**3 + 2*h**2 + 2*h - 3. Calculate b(t).
17
Let m = 43 + -23. Suppose -13*g + 1 = -9*g - b, -3*b - m = 5*g. Let v(n) = 0*n + n + n. Calculate v(g).
-2
Let b(h) be the third derivative of h**7/840 + h**6/72 + h**5/30 + h**4/12 - 27*h**3/2 + 22*h**2 + 2. Let f(o) be the first derivative of b(o). What is f(-3)?
8
Let k be (-34)/(-4) - 714/476. Let y(f) = -6*f - 5. Give y(k).
-47
Let k(w) be the third derivative of w**6/120 - 2*w**5/15 + w**4/6 + 7*w**3/6 - 172*w**2. Calculate k(8).
39
Let i(s) = -2*s**3 + 35*s**2 + 67*s - 187. Let q be i(19). Let w(p) = -p**2 + 4*p - 6. Calculate w(q).
-3
Let k(c) = 2*c - 13. Let n be -14 - (-11 - -7)*4. Determine k(n).
-9
Let p(g) = 60*g**3 + 2*g**2 + g - 2. Let b = 2265 + -2264. What is p(b)?
61
Let r be 10/(-3) + (-1)/(-3). Let p(m) = -4*m + 108. Let n(g) = g - 36. Let i(o) = -6*n(o) - 2*p(o). Calculate i(r).
-6
Let y(p) = 3*p + 101. Let s be y(-29). Suppose -4*k + 4*b - 26 = s, -k - 5*b - 28 = 0. Let c(g) = g**2 + 13*g + 10. Determine c(k).
10
Let o(c) = 3*c**2 - 4*c**2 + 1338*c + 2*c**2 + c**3 - 1345*c. What is o(3)?
15
Suppose -9*k + 3*z = -6*k - 15, -3*k = 3*z - 9. Let h be (6 - k)*(5 - 1). Let i(o) = -o**3 + 8*o**2 + o - 9. What is i(h)?
-1
Let w(p) = -12*p + 3. Let b be (-2024)/(-396) + (2 - (-38)/(-18)). What is w(b)?
-57
Let a(b) = b**3 + 3*b**2 - 9*b - 24. Suppose 4*k + 52*o + 8 = 56*o, o = -2. What is a(k)?
-4
Let s(x) = -51*x - 16. Let h(t) = -61*t - 19. Let z(y) = 5*h(y) - 6*s(y). What is z(9)?
10
Let g(u) = 137*u - 174 + 148*u - 13 - 158 - 260*u. What is g(14)?
5
Let r(k) = k + 13. Let g be 0 + (-6148)/24 - 5/(-30). Let v = 249 + g. What is r(v)?
6
Let o(m) = 17*m**2 - 18*m**2 - m**3 + 525 + 7*m**2 + 5*m - 524. Calculate o(7).
-13
Suppose 3*t = -2*g + 12, -5*t + 9*t = -3*g + 17. Let u(r) = -2*r**2 + 28*r - 68. Determine u(g).
-2
Let g = -5199 - -5181. Let y(t) = -t**2 - 19*t + 22. Determine y(g).
40
Let m be (-1)/(-2)*(1 - -5) - 5. Let w(u) = -u**3 + u**2 + u. Let c = -26 - -23. Let t(g) = -2*g**3 + 3*g**2 + 2*g. Let i(y) = c*w(y) + t(y). What is i(m)?
-6
Suppose 27*q + 40 = 35*q. Suppose d + 21 = 3*s - 0*s, q*d = -15. Let y(f) = f**3 - 5*f**2 - 8*f + 7. Calculate y(s).
-5
Let y(i) = -5*i**2 - 8*i - 13. Suppose 5*f - 7*g = -20, -20 = 11*f - 6*f + 2*g. What is y(f)?
-61
Let y(p) = p + 1. Let i = -6 + 1. Let k(w) = 19*w - 29. Let a be k(i). Let d = -119 - a. Calculate y(d).
6
Let i(n) be the first derivative of -n**2/2 - n - 3521. Determine i(12).
-13
Let y(b) be the third derivative of -b**6/360 + 3*b**5/40 + b**4/4 - 11*b**3/6 - 2*b**2 + 11*b. Let d(q) be the first derivative of y(q). Give d(11).
-16
Let c be 2/1*(-14)/(-24)*(-51)/(-238). Let x(i) be the first derivative of 3*i - c*i**4 + 18 + 9/2*i**2 - 5/3*i**3. What is x(-6)?
-15
Let k(q) = q**3 + 3*q**2 - 7*q + 2. Let v be (-5 - (-2 - 5))/((-2)/(-6)). Suppose 0 = v*l - 11*l - 3*a, 15 = -3*a. Let f be (l/(-9))/((-3)/(-45)). What is k(f)?
-13
Let r(y) = 23*y - 10. Let k(u) = u**2 + 47*u - 930. Let o be k(-62). Calculate r(o).
-10
Suppose 0 = 3*a + 3, -31*j + 28*j + 10 = -a. Let i(n) = n**2 + 7*n + 2. Let h(c) = 2*c**2 + 13*c + 3. Let b(o) = 6*h(o) - 11*i(o). Calculate b(j).
8
Let p(x) = -2*x**3 - 19*x**2 - 5*x - 7. Let y(d) = -445*d - 6239. Let g be y(-14). Give p(g).
-43
Let h(d) = d**2 + 18*d + 73. Let k be h(-7). Let u(y) = -3*y - 37. Let t(i) = -i - 20. Let q(x) = k*u(x) + 7*t(x). Give q(-3).
-7
Suppose -10*j = -4*n - 8*j - 14, -35 = n + 4*j. Let t(s) = -3*s**2 - 19*s + 7. Determine t(n).
-7
Let x(q) = -2*q**2 - 45*q - 98. Let i be x(-2). Let l(z) = -5*z - 33. What is l(i)?
47
Let q(y) = -y**2 + 15*y + 22. Let v be q(16). Let g(a) = 22 - 9 - a**2 - v + 9*a - 5. What is g(7)?
16
Let a(f) = 1165*f - 447. Let q(k) = -701*k + 223. Let g(v) = -3*a(v) - 5*q(v). Give g(-23).
-4
Let f(d) = -2. Let h(x) = 13*x - 4. Let w(q) = 5*f(q) - h(q). Give w(-1).
7
Let t(g) be the second derivative of g + 5/3*g**3 + 7*g**2 + 13 - 1/12*g**4. Calculate t(11).
3
Let m(r) be the first derivative of r**3/3 + 25*r**2/2 + 114*r + 100. Let p be m(-6). Let v(h) = 3*h**2 - h**2 + h + 6 - 3*h**2. Calculate v(p).
6
Let h(c) = -c - 1625 - 1622 + 2*c + 3288. What is h(-9)?
32
Let x(a) = 15. Let c(t) = 3*t**2 + 23*t - 2. Let h(o) = c(o) - 2*x(o). Calculate h(-9).
4
Let a(m) = -m**2 + 6*m + 11. Let j = 26 - 22. Suppose -3*q + 9 = -3*c, -1 = -2*c + 1. Let h be (-6)/j*(192/(-9))/q. Calculate a(h).
-5
Let a(q) = 7*q**3 - 75*q**2 - 21*q - 15. Let l(p) = -p**2 - 1115*p + 6737. Let v be l(6). Give a(v).
-4
Let p be 210/4 + ((-168)/(-16) - 9). Let z = p + -73. Let r(c) = -c**2 - 18*c + 13. Determine r(z).
-6
Let p(d) = -59*d + 11. Let b(f) = 107*f - 23. Let k(t) = -4*b(t) - 7*p(t). Give k(3).
-30
Let y(g) = g**2 + 9 - 26460*g + 26460*g. Calculate y(4).
25
Let v(n) = -8*n - 5. Let b(h) = 25*h + 16. Let i(j) = 6*b(j) + 17*v(j). Let l be i(-1). Let s(a) = 2*a + 1. What is s(l)?
-5
Let t = 283 - 255. Let g(b) = t*b + 48*b - 6 - 74*b. Let z = 12 + -7. Determine g(z).
4
Let s(g) = -8*g + 55. Let d be (4/4)/(0 + 1)*4. Calculate s(d).
23
Let a(o) = -239241*o - 239231*o + 717699*o - 239233*o. Let x = 14 + -7. Determine a(x).
-42
Let z be (7 + -11)*(-14